{"id":1900,"date":"2019-07-09T03:40:29","date_gmt":"2019-07-09T03:40:29","guid":{"rendered":"https:\/\/trychologwalbrzych.pl\/?page_id=1900"},"modified":"2021-01-15T13:51:09","modified_gmt":"2021-01-15T13:51:09","slug":"twoj-problem","status":"publish","type":"page","link":"https:\/\/trychologwalbrzych.pl\/?page_id=1900","title":{"rendered":"TW\u00d3J PROBLEM"},"content":{"rendered":"\t\t<div data-elementor-type=\"wp-post\" data-elementor-id=\"1900\" class=\"elementor elementor-1900\" data-elementor-settings=\"[]\">\n\t\t\t\t\t\t<div class=\"elementor-inner\">\n\t\t\t\t\t\t\t<div class=\"elementor-section-wrap\">\n\t\t\t\t\t\t\t<section class=\"elementor-section elementor-top-section elementor-element elementor-element-13778a8b elementor-section-content-middle elementor-section-stretched elementor-section-boxed elementor-section-height-default elementor-section-height-default\" data-id=\"13778a8b\" data-element_type=\"section\" data-settings=\"{&quot;background_background&quot;:&quot;classic&quot;,&quot;stretch_section&quot;:&quot;section-stretched&quot;,&quot;shape_divider_bottom&quot;:&quot;arrow&quot;}\">\n\t\t\t\t\t\t\t<div class=\"elementor-background-overlay\"><\/div>\n\t\t\t\t\t\t<div class=\"elementor-shape elementor-shape-bottom\" data-negative=\"false\">\n\t\t\t<svg xmlns=\"http:\/\/www.w3.org\/2000\/svg\" viewBox=\"0 0 700 10\" preserveAspectRatio=\"none\">\n\t<path class=\"elementor-shape-fill\" d=\"M350,10L340,0h20L350,10z\"\/>\n<\/svg>\t\t<\/div>\n\t\t\t\t\t<div class=\"elementor-container elementor-column-gap-no\">\n\t\t\t\t\t\t\t<div class=\"elementor-row\">\n\t\t\t\t\t<div class=\"elementor-column elementor-col-100 elementor-top-column elementor-element elementor-element-673c8612\" data-id=\"673c8612\" data-element_type=\"column\">\n\t\t\t<div class=\"elementor-column-wrap elementor-element-populated\">\n\t\t\t\t\t\t\t<div class=\"elementor-widget-wrap\">\n\t\t\t\t\t\t<div class=\"elementor-element elementor-element-79a112a0 elementor-widget elementor-widget-heading\" data-id=\"79a112a0\" data-element_type=\"widget\" data-widget_type=\"heading.default\">\n\t\t\t\t<div class=\"elementor-widget-container\">\n\t\t\t<h4 class=\"elementor-heading-title elementor-size-default\">TW\u00d3J PROBLEM<\/h4>\t\t<\/div>\n\t\t\t\t<\/div>\n\t\t\t\t<div class=\"elementor-element elementor-element-4a9f2035 elementor-widget elementor-widget-heading\" data-id=\"4a9f2035\" data-element_type=\"widget\" data-widget_type=\"heading.default\">\n\t\t\t\t<div class=\"elementor-widget-container\">\n\t\t\t<h5 class=\"elementor-heading-title elementor-size-default\">TRYCHOLOG WA\u0141BRZYCH<\/h5>\t\t<\/div>\n\t\t\t\t<\/div>\n\t\t\t\t\t\t<\/div>\n\t\t\t\t\t<\/div>\n\t\t<\/div>\n\t\t\t\t\t\t\t\t<\/div>\n\t\t\t\t\t<\/div>\n\t\t<\/section>\n\t\t\t\t<section class=\"elementor-section elementor-top-section elementor-element elementor-element-4bffa05b elementor-section-content-middle elementor-section-stretched elementor-section-full_width elementor-section-height-default elementor-section-height-default elementor-invisible\" data-id=\"4bffa05b\" data-element_type=\"section\" data-settings=\"{&quot;stretch_section&quot;:&quot;section-stretched&quot;,&quot;animation&quot;:&quot;fadeInUp&quot;}\">\n\t\t\t\t\t\t<div class=\"elementor-container elementor-column-gap-no\">\n\t\t\t\t\t\t\t<div class=\"elementor-row\">\n\t\t\t\t\t<div class=\"elementor-column elementor-col-100 elementor-top-column elementor-element elementor-element-29e5dbf4\" data-id=\"29e5dbf4\" data-element_type=\"column\">\n\t\t\t<div class=\"elementor-column-wrap elementor-element-populated\">\n\t\t\t\t\t\t\t<div class=\"elementor-widget-wrap\">\n\t\t\t\t\t\t<div class=\"elementor-element elementor-element-611a961a elementor-widget elementor-widget-toggle\" data-id=\"611a961a\" data-element_type=\"widget\" data-widget_type=\"toggle.default\">\n\t\t\t\t<div class=\"elementor-widget-container\">\n\t\t\t\t\t<div class=\"elementor-toggle\" role=\"tablist\">\n\t\t\t\t\t\t\t<div class=\"elementor-toggle-item\">\n\t\t\t\t\t<div id=\"elementor-tab-title-1621\" class=\"elementor-tab-title\" data-tab=\"1\" role=\"tab\" aria-controls=\"elementor-tab-content-1621\" aria-expanded=\"false\">\n\t\t\t\t\t\t\t\t\t\t\t\t<span class=\"elementor-toggle-icon elementor-toggle-icon-right\" aria-hidden=\"true\">\n\t\t\t\t\t\t\t\t\t\t\t\t\t\t\t<span class=\"elementor-toggle-icon-closed\"><i class=\"fas fa-caret-right\"><\/i><\/span>\n\t\t\t\t\t\t\t\t<span class=\"elementor-toggle-icon-opened\"><i class=\"elementor-toggle-icon-opened fas fa-caret-up\"><\/i><\/span>\n\t\t\t\t\t\t\t\t\t\t\t\t\t<\/span>\n\t\t\t\t\t\t\t\t\t\t\t\t<a href=\"\" class=\"elementor-toggle-title\">\u0141YSIENIE<\/a>\n\t\t\t\t\t<\/div>\n\n\t\t\t\t\t<div id=\"elementor-tab-content-1621\" class=\"elementor-tab-content elementor-clearfix\" data-tab=\"1\" role=\"tabpanel\" aria-labelledby=\"elementor-tab-title-1621\"><p>\u0141ysienie to wzmo\u017cone lub gwa\u0142towne wypadanie w\u0142os\u00f3w a nawet ich k\u0119p, systematyczne os\u0142abienie i wyrastanie coraz cie\u0144szych w\u0142os\u00f3w. Problem ten dotyczy m\u0119\u017cczyzn, kobiet a nawet dzieci. \u0141ysienie mo\u017ce by\u0107 trwa\u0142e lub przej\u015bciowe, kt\u00f3re po ust\u0105pieniu przyczyny wywo\u0142uj\u0105cej ust\u0119puje. Najcz\u0119stsze przyczyny \u0142ysienia to zaburzenia hormonalne, czynniki mechaniczne (naci\u0105gania w\u0142os\u00f3w uczesaniem, np. &#8220;ko\u0144ski ogon&#8221;, wyrywanie w\u0142os\u00f3w-trichotillomania), toksyczne (zatrucie metalami ci\u0119\u017ckimi jak arsen, rt\u0119\u0107 itp.), choroby zaka\u017ane, przyjmowanie niekt\u00f3rych lek\u00f3w, choroby w\u0142os\u00f3w lub sk\u00f3ry g\u0142owy (np. grzybice), stres, prze\u017cycia traumatyczne, czynniki genetyczne. Rozr\u00f3\u017cniamy \u0142ysienie androgenowe typu m\u0119skiego i \u017ce\u0144skiego, \u0142ysienie plackowate, \u0142ysienie menopauzalne, \u0142ysienie poporodowe, \u0142ysienie tarczycowe, psychogenne, i inne&#8230;<br \/>Je\u017celi zauwa\u017cy\u0142e\u015b intensywne zmiany w strukturze i ilo\u015bci swoich w\u0142os\u00f3w pilnie skontaktuj si\u0119 ze specjalist\u0105 trychologiem. Podj\u0119cie kuracji w odpowiednim czasie ma istotny wp\u0142yw na skuteczno\u015b\u0107 i przebieg terapii. W naszym gabinecie znajdziecie Pa\u0144stwo fachow\u0105 pomoc i szereg zabieg\u00f3w wspomagaj\u0105cych w leczeniu \u0142ysienia o r\u00f3\u017cnej etiologii.<\/p><\/div>\n\t\t\t\t<\/div>\n\t\t\t\t\t\t\t\t<\/div>\n\t\t\t\t<\/div>\n\t\t\t\t<\/div>\n\t\t\t\t<div class=\"elementor-element elementor-element-13afad4 elementor-widget elementor-widget-toggle\" data-id=\"13afad4\" data-element_type=\"widget\" data-widget_type=\"toggle.default\">\n\t\t\t\t<div class=\"elementor-widget-container\">\n\t\t\t\t\t<div class=\"elementor-toggle\" role=\"tablist\">\n\t\t\t\t\t\t\t<div class=\"elementor-toggle-item\">\n\t\t\t\t\t<div id=\"elementor-tab-title-2061\" class=\"elementor-tab-title\" data-tab=\"1\" role=\"tab\" aria-controls=\"elementor-tab-content-2061\" aria-expanded=\"false\">\n\t\t\t\t\t\t\t\t\t\t\t\t<span class=\"elementor-toggle-icon elementor-toggle-icon-right\" aria-hidden=\"true\">\n\t\t\t\t\t\t\t\t\t\t\t\t\t\t\t<span class=\"elementor-toggle-icon-closed\"><i class=\"fas fa-caret-right\"><\/i><\/span>\n\t\t\t\t\t\t\t\t<span class=\"elementor-toggle-icon-opened\"><i class=\"elementor-toggle-icon-opened fas fa-caret-up\"><\/i><\/span>\n\t\t\t\t\t\t\t\t\t\t\t\t\t<\/span>\n\t\t\t\t\t\t\t\t\t\t\t\t<a href=\"\" class=\"elementor-toggle-title\">WYPADANIE W\u0141OS\u00d3W<\/a>\n\t\t\t\t\t<\/div>\n\n\t\t\t\t\t<div id=\"elementor-tab-content-2061\" class=\"elementor-tab-content elementor-clearfix\" data-tab=\"1\" role=\"tabpanel\" aria-labelledby=\"elementor-tab-title-2061\"><p>Wypadanie w\u0142os\u00f3w jest naturaln\u0105 fizjologi\u0105. Jednak przekroczenie ksi\u0105\u017ckowej ilo\u015bci 100-150 sztuk dziennie, to ju\u017c schorzenie o z\u0142o\u017conej etiologii. Przyczyn\u0105 tego stanu mog\u0105 by\u0107 czynniki zewn\u0119trzne jak i wewn\u0119trzne, takie jak: przewlek\u0142y stres, zaburzenia hormonalne, \u017ale dobrana dieta (niedob\u00f3r witamin i mikroelement\u00f3w), przebyte jak i trwaj\u0105ce choroby wewn\u0119trzne, choroby sk\u00f3ry g\u0142owy, stosowanie niekt\u00f3rych lek\u00f3w, zaburzone mikrokr\u0105\u017cenie sk\u00f3ry g\u0142owy. Cz\u0119sto przyczyn\u0105 nadmiernego wypadania w\u0142os\u00f3w jest niew\u0142a\u015bciwa piel\u0119gnacja sk\u00f3ry g\u0142owy i w\u0142os\u00f3w, np. \u017ale dobrane kosmetyki, (szampony, \u015brodki do stylizacji), cz\u0119ste farbowanie i trwa\u0142a, prostowanie i suszenie bardzo gor\u0105cym strumieniem powietrza.<br \/>Je\u017celi ten stan trwa d\u0142u\u017cej ni\u017c miesi\u0105c, nie czekaj a\u017c ten problem doprowadzi do przerzedzenia w\u0142os\u00f3w, frustracji, cz\u0119sto nawet do depresji. W gabinecie trychologicznym otrzymasz fachow\u0105 pomoc.<\/p><\/div>\n\t\t\t\t<\/div>\n\t\t\t\t\t\t\t\t<\/div>\n\t\t\t\t<\/div>\n\t\t\t\t<\/div>\n\t\t\t\t<div class=\"elementor-element elementor-element-68512eea elementor-widget elementor-widget-toggle\" data-id=\"68512eea\" data-element_type=\"widget\" data-widget_type=\"toggle.default\">\n\t\t\t\t<div class=\"elementor-widget-container\">\n\t\t\t\t\t<div class=\"elementor-toggle\" role=\"tablist\">\n\t\t\t\t\t\t\t<div class=\"elementor-toggle-item\">\n\t\t\t\t\t<div id=\"elementor-tab-title-1751\" class=\"elementor-tab-title\" data-tab=\"1\" role=\"tab\" aria-controls=\"elementor-tab-content-1751\" aria-expanded=\"false\">\n\t\t\t\t\t\t\t\t\t\t\t\t<span class=\"elementor-toggle-icon elementor-toggle-icon-right\" aria-hidden=\"true\">\n\t\t\t\t\t\t\t\t\t\t\t\t\t\t\t<span class=\"elementor-toggle-icon-closed\"><i class=\"fas fa-caret-right\"><\/i><\/span>\n\t\t\t\t\t\t\t\t<span class=\"elementor-toggle-icon-opened\"><i class=\"elementor-toggle-icon-opened fas fa-caret-up\"><\/i><\/span>\n\t\t\t\t\t\t\t\t\t\t\t\t\t<\/span>\n\t\t\t\t\t\t\t\t\t\t\t\t<a href=\"\" class=\"elementor-toggle-title\">\u0141OJOTOK<\/a>\n\t\t\t\t\t<\/div>\n\n\t\t\t\t\t<div id=\"elementor-tab-content-1751\" class=\"elementor-tab-content elementor-clearfix\" data-tab=\"1\" role=\"tabpanel\" aria-labelledby=\"elementor-tab-title-1751\"><p>\u0141ojotok to nadmierne wydzielanie \u0142oju wytwarzanego przez gruczo\u0142y \u0142ojowe sk\u00f3ry g\u0142owy. Obraz diagnostyczny to przet\u0142uszczone w\u0142osy, nie\u015bwie\u017ce par\u0119 godzin po umyciu, \u015bwi\u0105d sk\u00f3ry, \u0142uszczenie. Bardziej skomplikowana diagnoza przez nas mo\u017ce wyst\u0105pi\u0107, gdy mamy do czynienia z suchymi i nie przet\u0142uszczaj\u0105cymi si\u0119 w\u0142osami. Przyczyn\u0105 \u0142ojotoku mog\u0105 by\u0107 cechy genetyczne, zaburzenia hormonalne (nadmiar androgen\u00f3w, szczeg\u00f3lnie testosteronu), niew\u0142a\u015bciwa dieta (dieta obfituj\u0105ca w t\u0142uszcze i w\u0119glowodany), niedobory witaminowe (mi\u0119dzy innymi wit. A, E, B2, c), niew\u0142a\u015bciwa piel\u0119gnacja sk\u00f3ry g\u0142owy (nadu\u017cywanie suszarek, lok\u00f3wek, prostownic, nieodpowiednie dobranie szampon\u00f3w i \u015brodk\u00f3w do stylizacji w\u0142os\u00f3w). Nie leczony \u0142ojotok mo\u017ce by\u0107 przyczyn\u0105 nadmiernego wypadania w\u0142os\u00f3w a nawet \u0142ysienia. Mo\u017ce r\u00f3wnie\u017c spowodowa\u0107 \u0142ojotokowe zapalenie sk\u00f3ry.<br \/>Jezeli podejrzewasz u siebie t\u0119 przypad\u0142o\u015b\u0107, nie zwlekaj z diagnoz\u0105, um\u00f3w si\u0119 na badanie trychologiczne w naszym gabinecie. Otrzymacie Pa\u0144stwo fachow\u0105 pomoc.<\/p><\/div>\n\t\t\t\t<\/div>\n\t\t\t\t\t\t\t\t<\/div>\n\t\t\t\t<\/div>\n\t\t\t\t<\/div>\n\t\t\t\t<div class=\"elementor-element elementor-element-4468b4a0 elementor-widget elementor-widget-toggle\" data-id=\"4468b4a0\" data-element_type=\"widget\" data-widget_type=\"toggle.default\">\n\t\t\t\t<div class=\"elementor-widget-container\">\n\t\t\t\t\t<div class=\"elementor-toggle\" role=\"tablist\">\n\t\t\t\t\t\t\t<div class=\"elementor-toggle-item\">\n\t\t\t\t\t<div id=\"elementor-tab-title-1141\" class=\"elementor-tab-title\" data-tab=\"1\" role=\"tab\" aria-controls=\"elementor-tab-content-1141\" aria-expanded=\"false\">\n\t\t\t\t\t\t\t\t\t\t\t\t<span class=\"elementor-toggle-icon elementor-toggle-icon-right\" aria-hidden=\"true\">\n\t\t\t\t\t\t\t\t\t\t\t\t\t\t\t<span class=\"elementor-toggle-icon-closed\"><i class=\"fas fa-caret-right\"><\/i><\/span>\n\t\t\t\t\t\t\t\t<span class=\"elementor-toggle-icon-opened\"><i class=\"elementor-toggle-icon-opened fas fa-caret-up\"><\/i><\/span>\n\t\t\t\t\t\t\t\t\t\t\t\t\t<\/span>\n\t\t\t\t\t\t\t\t\t\t\t\t<a href=\"\" class=\"elementor-toggle-title\">\u0141OJOTOKOWE ZAPALENIE SK\u00d3RY<\/a>\n\t\t\t\t\t<\/div>\n\n\t\t\t\t\t<div id=\"elementor-tab-content-1141\" class=\"elementor-tab-content elementor-clearfix\" data-tab=\"1\" role=\"tabpanel\" aria-labelledby=\"elementor-tab-title-1141\"><p>\u0141ojotokowe zapalenie sk\u00f3ry jest chorob\u0105 zapaln\u0105 sk\u00f3ry g\u0142owy. Przebieg jest przewlek\u0142y i nawrotowy. Wczesne objawy to \u0142ojotok, nast\u0119pnie nawarstwiaj\u0105ce si\u0119 t\u0142uste strupy, wyst\u0119puje \u015bwi\u0105d i zaczerwienienie sk\u00f3ry (stan zapalny). W\u0142osy w miejscach wyst\u0105pienia ogniska rumieniowo-z\u0142uszczaj\u0105cego, ulegaj\u0105 znacznemu przerzedzeniu. Do rozwoju choroby mog\u0105 prowadzi\u0107: \u0142ojotok sk\u00f3ry g\u0142owy, zbyt intensywne namna\u017canie si\u0119 grzyb\u00f3w i dro\u017cd\u017cak\u00f3w Malassezia na sk\u00f3rze g\u0142owy, obni\u017cona odporno\u015b\u0107 organizmu, zaburzenia hormonalne. <br \/>Odpowiednia piel\u0119gnacja domowa specjalistycznymi preparatami trychologicznymi oraz wspomagaj\u0105ce zabiegi wykonywane w gabinecie trychologicznym zapobiegaj\u0105 nawrotom i pozwalaj\u0105 na utrzymanie sk\u00f3ry g\u0142owy w dobrej kondycji.<\/p><\/div>\n\t\t\t\t<\/div>\n\t\t\t\t\t\t\t\t<\/div>\n\t\t\t\t<\/div>\n\t\t\t\t<\/div>\n\t\t\t\t<div class=\"elementor-element elementor-element-48c97e6 elementor-widget elementor-widget-toggle\" data-id=\"48c97e6\" data-element_type=\"widget\" data-widget_type=\"toggle.default\">\n\t\t\t\t<div class=\"elementor-widget-container\">\n\t\t\t\t\t<div class=\"elementor-toggle\" role=\"tablist\">\n\t\t\t\t\t\t\t<div class=\"elementor-toggle-item\">\n\t\t\t\t\t<div id=\"elementor-tab-title-7631\" class=\"elementor-tab-title\" data-tab=\"1\" role=\"tab\" aria-controls=\"elementor-tab-content-7631\" aria-expanded=\"false\">\n\t\t\t\t\t\t\t\t\t\t\t\t<span class=\"elementor-toggle-icon elementor-toggle-icon-right\" aria-hidden=\"true\">\n\t\t\t\t\t\t\t\t\t\t\t\t\t\t\t<span class=\"elementor-toggle-icon-closed\"><i class=\"fas fa-caret-right\"><\/i><\/span>\n\t\t\t\t\t\t\t\t<span class=\"elementor-toggle-icon-opened\"><i class=\"elementor-toggle-icon-opened fas fa-caret-up\"><\/i><\/span>\n\t\t\t\t\t\t\t\t\t\t\t\t\t<\/span>\n\t\t\t\t\t\t\t\t\t\t\t\t<a href=\"\" class=\"elementor-toggle-title\">\u0141UPIE\u017b<\/a>\n\t\t\t\t\t<\/div>\n\n\t\t\t\t\t<div id=\"elementor-tab-content-7631\" class=\"elementor-tab-content elementor-clearfix\" data-tab=\"1\" role=\"tabpanel\" aria-labelledby=\"elementor-tab-title-7631\"><p>\u0141upie\u017c to choroba sk\u00f3ry g\u0142owy objawiaj\u0105ca si\u0119 nadmiernym z\u0142uszczaniem zrogowacia\u0142ej warstwy nask\u00f3rka. \u0141upie\u017c mo\u017ce rozwin\u0105\u0107 si\u0119 zar\u00f3wno na t\u0142ustej jak i suchej sk\u00f3rze g\u0142owy. Nie powoduje stan\u00f3w zapalnych sk\u00f3ry. Najcz\u0119\u015bciej rozwija si\u0119 przy zaburzonym pH sk\u00f3ry, kt\u00f3re jest doskona\u0142ym \u015brodowiskiem do rozwoju bakterii i dro\u017cd\u017cak\u00f3w. Skutkiem tego jest z\u0142uszczanie sie nask\u00f3rka, \u015bwi\u0105d i podra\u017cnienie sk\u00f3ry. Aby przywr\u00f3ci\u0107 sk\u00f3rze dobry stan i szybko wyeliminowa\u0107 \u0142upie\u017c nale\u017cy usun\u0105\u0107 nadmiar zrogowacia\u0142ego nask\u00f3rka oraz przywr\u00f3ci\u0107 odpowiednie pH, nawil\u017cy\u0107 oraz od\u017cywi\u0107 sk\u00f3r\u0119. Cz\u0119sto tez nale\u017cy zmieni\u0107 diet\u0119. <br \/>W gabinecie trychologii mo\u017cecie Pa\u0144stwo poprzez odpowiednie zabiegi przywr\u00f3ci\u0107 zdrowie swojej sk\u00f3ry g\u0142owy.<\/p><\/div>\n\t\t\t\t<\/div>\n\t\t\t\t\t\t\t\t<\/div>\n\t\t\t\t<\/div>\n\t\t\t\t<\/div>\n\t\t\t\t<div class=\"elementor-element elementor-element-16710c1 elementor-widget elementor-widget-toggle\" data-id=\"16710c1\" data-element_type=\"widget\" data-widget_type=\"toggle.default\">\n\t\t\t\t<div class=\"elementor-widget-container\">\n\t\t\t\t\t<div class=\"elementor-toggle\" role=\"tablist\">\n\t\t\t\t\t\t\t<div class=\"elementor-toggle-item\">\n\t\t\t\t\t<div id=\"elementor-tab-title-2351\" class=\"elementor-tab-title\" data-tab=\"1\" role=\"tab\" aria-controls=\"elementor-tab-content-2351\" aria-expanded=\"false\">\n\t\t\t\t\t\t\t\t\t\t\t\t<span class=\"elementor-toggle-icon elementor-toggle-icon-right\" aria-hidden=\"true\">\n\t\t\t\t\t\t\t\t\t\t\t\t\t\t\t<span class=\"elementor-toggle-icon-closed\"><i class=\"fas fa-caret-right\"><\/i><\/span>\n\t\t\t\t\t\t\t\t<span class=\"elementor-toggle-icon-opened\"><i class=\"elementor-toggle-icon-opened fas fa-caret-up\"><\/i><\/span>\n\t\t\t\t\t\t\t\t\t\t\t\t\t<\/span>\n\t\t\t\t\t\t\t\t\t\t\t\t<a href=\"\" class=\"elementor-toggle-title\">ATOPOWE ZAPALENIE SK\u00d3RY<\/a>\n\t\t\t\t\t<\/div>\n\n\t\t\t\t\t<div id=\"elementor-tab-content-2351\" class=\"elementor-tab-content elementor-clearfix\" data-tab=\"1\" role=\"tabpanel\" aria-labelledby=\"elementor-tab-title-2351\"><p>Atopowe zapalenie sk\u00f3ry jest alergi\u0105. Jest chorob\u0105 przewlek\u0142\u0105 i nawracaj\u0105c\u0105. Najbardziej uci\u0105\u017cliwe jest to, \u017ce dotkni\u0119te chorob\u0105 miejsca sw\u0119dz\u0105 i trudno jest si\u0119 powstrzyma\u0107 od drapania, co u\u0142atwia \u017cyj\u0105cym na sk\u00f3rze bakteriom wnikni\u0119cie w p\u0119kni\u0119cia sk\u00f3ry i rozw\u00f3j stanu zapalnego. Objawy atopowego zapalenia sk\u00f3ry pogarszaj\u0105: zaka\u017cenia gronkowcowe, d\u0142ugie gor\u0105ce k\u0105piele, wysuszenie sk\u00f3ry, nadpotliwo\u015b\u0107, gwa\u0142towne zmiany temperatur, silnie dzia\u0142aj\u0105ce myd\u0142a, detergenty, tkaniny we\u0142niane, kurz oraz dym papierosowy.<br \/>Podstaw\u0105 terapii s\u0105 preparaty nawil\u017caj\u0105ce i zmi\u0119kczaj\u0105ce sk\u00f3r\u0119. Zadbaj o sk\u00f3r\u0119 atopow\u0105 w gabinecie trychologii.<\/p><\/div>\n\t\t\t\t<\/div>\n\t\t\t\t\t\t\t\t<\/div>\n\t\t\t\t<\/div>\n\t\t\t\t<\/div>\n\t\t\t\t<div class=\"elementor-element elementor-element-56d65db elementor-widget elementor-widget-toggle\" data-id=\"56d65db\" data-element_type=\"widget\" data-widget_type=\"toggle.default\">\n\t\t\t\t<div class=\"elementor-widget-container\">\n\t\t\t\t\t<div class=\"elementor-toggle\" role=\"tablist\">\n\t\t\t\t\t\t\t<div class=\"elementor-toggle-item\">\n\t\t\t\t\t<div id=\"elementor-tab-title-9101\" class=\"elementor-tab-title\" data-tab=\"1\" role=\"tab\" aria-controls=\"elementor-tab-content-9101\" aria-expanded=\"false\">\n\t\t\t\t\t\t\t\t\t\t\t\t<span class=\"elementor-toggle-icon elementor-toggle-icon-right\" aria-hidden=\"true\">\n\t\t\t\t\t\t\t\t\t\t\t\t\t\t\t<span class=\"elementor-toggle-icon-closed\"><i class=\"fas fa-caret-right\"><\/i><\/span>\n\t\t\t\t\t\t\t\t<span class=\"elementor-toggle-icon-opened\"><i class=\"elementor-toggle-icon-opened fas fa-caret-up\"><\/i><\/span>\n\t\t\t\t\t\t\t\t\t\t\t\t\t<\/span>\n\t\t\t\t\t\t\t\t\t\t\t\t<a href=\"\" class=\"elementor-toggle-title\">\u0141USZCZYCA<\/a>\n\t\t\t\t\t<\/div>\n\n\t\t\t\t\t<div id=\"elementor-tab-content-9101\" class=\"elementor-tab-content elementor-clearfix\" data-tab=\"1\" role=\"tabpanel\" aria-labelledby=\"elementor-tab-title-9101\"><p>\u0141uszczyca jest przewlek\u0142\u0105 i nawracaj\u0105c\u0105 chorob\u0105 immunologiczn\u0105 sk\u00f3ry (okolice kolan, \u0142okci), sk\u00f3ry g\u0142owy. \u0141uszczyca charakteryzuje si\u0119 zaczerwienionymi, \u0142uszcz\u0105cymi sie grudkami, kt\u00f3re tworz\u0105 zlewne ogniska. Przyczyny choroby nie s\u0105 w pe\u0142ni znane. Uwa\u017ca si\u0119, \u017ce \u0142uszczyca ma pod\u0142o\u017ce genetyczne jak i nabyte, np. przy nadwra\u017cliwo\u015bci uk\u0142adu immunologicznego. Przyjmuje si\u0119, \u017ce stan chorych na \u0142uszczyc\u0119 pogarszaj\u0105 takie czynniki jak: stres, infekcje, niekt\u00f3re leki, niew\u0142a\u015bciwa dieta.<br \/>w gabinecie trychologicznym zaleca si\u0119 zabiegi nawil\u017caj\u0105co-\u0142agodz\u0105ce sk\u00f3ry g\u0142owy, obj\u0119te zmianami chorobowymi.<\/p><\/div>\n\t\t\t\t<\/div>\n\t\t\t\t\t\t\t\t<\/div>\n\t\t\t\t<\/div>\n\t\t\t\t<\/div>\n\t\t\t\t<div class=\"elementor-element elementor-element-5ed3b85 elementor-widget elementor-widget-toggle\" data-id=\"5ed3b85\" data-element_type=\"widget\" data-widget_type=\"toggle.default\">\n\t\t\t\t<div class=\"elementor-widget-container\">\n\t\t\t\t\t<div class=\"elementor-toggle\" role=\"tablist\">\n\t\t\t\t\t\t\t<div class=\"elementor-toggle-item\">\n\t\t\t\t\t<div id=\"elementor-tab-title-9941\" class=\"elementor-tab-title\" data-tab=\"1\" role=\"tab\" aria-controls=\"elementor-tab-content-9941\" aria-expanded=\"false\">\n\t\t\t\t\t\t\t\t\t\t\t\t<span class=\"elementor-toggle-icon elementor-toggle-icon-right\" aria-hidden=\"true\">\n\t\t\t\t\t\t\t\t\t\t\t\t\t\t\t<span class=\"elementor-toggle-icon-closed\"><i class=\"fas fa-caret-right\"><\/i><\/span>\n\t\t\t\t\t\t\t\t<span class=\"elementor-toggle-icon-opened\"><i class=\"elementor-toggle-icon-opened fas fa-caret-up\"><\/i><\/span>\n\t\t\t\t\t\t\t\t\t\t\t\t\t<\/span>\n\t\t\t\t\t\t\t\t\t\t\t\t<a href=\"\" class=\"elementor-toggle-title\">PROCES STARZENIA W\u0141OS\u00d3W I SK\u00d3RY G\u0141OWY<\/a>\n\t\t\t\t\t<\/div>\n\n\t\t\t\t\t<div id=\"elementor-tab-content-9941\" class=\"elementor-tab-content elementor-clearfix\" data-tab=\"1\" role=\"tabpanel\" aria-labelledby=\"elementor-tab-title-9941\"><p>Z wiekiem skora g\u0142owy tak samo jak sk\u00f3ra twarzy podlega procesom starzenia si\u0119, zmniejsza si\u0119 ilo\u015b\u0107 kolagenu i elastyny. Sk\u00f3ra staje sie coraz cie\u0144sza, bardziej wra\u017cliwa, przesuszona, bardziej podatna na szkodliwe dzia\u0142anie czynnik\u00f3w zewn\u0119trznych. R\u00f3wnie\u017c mieszek w\u0142osowy ulega tym samym procesom, dochodzi do miniaturyzacji mieszka, czego efektem jest to, \u017ce w\u0142osy rosn\u0105 coraz cie\u0144sze, s\u0142absze, s\u0105 bardziej \u0142amliwe. Dochodzi r\u00f3wnie\u017c do przerzedze\u0144.<br \/>Procesom starzenia si\u0119 sk\u00f3ry g\u0142owy, mieszk\u00f3w w\u0142osowych i w\u0142os\u00f3w mo\u017cemy przeciwdzia\u0142a\u0107 zabiegami pobudzaj\u0105cymi w spos\u00f3b naturalny produkcj\u0119 kolagenu i elastyny w sk\u00f3rze g\u0142owy, pobudzi\u0107 mieszki w\u0142osowe do produkcji w\u0142os\u00f3w. Pi\u0119kne i zdrowe w\u0142osy mozna zachowa\u0107 na d\u0142ugie lata. To one s\u0105 wizerunkiem naszego zdrowia a dla kobiet to atrybut kobieco\u015bci.<br \/>Trychologia proponuje ca\u0142\u0105 gam\u0119 zabieg\u00f3w przeciwstarzeniowych na sk\u00f3r\u0119 g\u0142owy i w\u0142osy. Zacznij dba\u0107 o nie ju\u017c od dzi\u015b.<\/p><\/div>\n\t\t\t\t<\/div>\n\t\t\t\t\t\t\t\t<\/div>\n\t\t\t\t<\/div>\n\t\t\t\t<\/div>\n\t\t\t\t\t\t<\/div>\n\t\t\t\t\t<\/div>\n\t\t<\/div>\n\t\t\t\t\t\t\t\t<\/div>\n\t\t\t\t\t<\/div>\n\t\t<\/section>\n\t\t\t\t<section class=\"elementor-section elementor-top-section elementor-element elementor-element-2491d74 elementor-section-content-middle elementor-section-stretched elementor-section-boxed elementor-section-height-default elementor-section-height-default\" data-id=\"2491d74\" data-element_type=\"section\" data-settings=\"{&quot;background_background&quot;:&quot;classic&quot;,&quot;stretch_section&quot;:&quot;section-stretched&quot;,&quot;shape_divider_top&quot;:&quot;triangle&quot;}\">\n\t\t\t\t\t\t\t<div class=\"elementor-background-overlay\"><\/div>\n\t\t\t\t\t\t<div class=\"elementor-shape elementor-shape-top\" data-negative=\"false\">\n\t\t\t<svg xmlns=\"http:\/\/www.w3.org\/2000\/svg\" viewBox=\"0 0 1000 100\" preserveAspectRatio=\"none\">\n\t<path class=\"elementor-shape-fill\" d=\"M500,98.9L0,6.1V0h1000v6.1L500,98.9z\"\/>\n<\/svg>\t\t<\/div>\n\t\t\t\t\t<div class=\"elementor-container elementor-column-gap-no\">\n\t\t\t\t\t\t\t<div class=\"elementor-row\">\n\t\t\t\t\t<div class=\"elementor-column elementor-col-100 elementor-top-column elementor-element elementor-element-224ef53\" data-id=\"224ef53\" data-element_type=\"column\">\n\t\t\t<div class=\"elementor-column-wrap elementor-element-populated\">\n\t\t\t\t\t\t\t<div class=\"elementor-widget-wrap\">\n\t\t\t\t\t\t<div class=\"elementor-element elementor-element-78e0e2f elementor-widget elementor-widget-heading\" data-id=\"78e0e2f\" data-element_type=\"widget\" data-widget_type=\"heading.default\">\n\t\t\t\t<div class=\"elementor-widget-container\">\n\t\t\t<h4 class=\"elementor-heading-title elementor-size-default\">+48 509 648 790<\/h4>\t\t<\/div>\n\t\t\t\t<\/div>\n\t\t\t\t<div class=\"elementor-element elementor-element-966d2f9 elementor-widget elementor-widget-heading\" data-id=\"966d2f9\" data-element_type=\"widget\" data-widget_type=\"heading.default\">\n\t\t\t\t<div class=\"elementor-widget-container\">\n\t\t\t<h5 class=\"elementor-heading-title elementor-size-default\">ZADZWO\u0143 TERAZ<\/h5>\t\t<\/div>\n\t\t\t\t<\/div>\n\t\t\t\t\t\t<\/div>\n\t\t\t\t\t<\/div>\n\t\t<\/div>\n\t\t\t\t\t\t\t\t<\/div>\n\t\t\t\t\t<\/div>\n\t\t<\/section>\n\t\t\t\t\t\t<\/div>\n\t\t\t\t\t\t<\/div>\n\t\t\t\t\t<\/div>\n\t\t","protected":false},"excerpt":{"rendered":"<p>TW\u00d3J PROBLEM TRYCHOLOG WA\u0141BRZYCH \u0141YSIENIE \u0141ysienie to wzmo\u017cone lub gwa\u0142towne wypadanie w\u0142os\u00f3w a nawet ich k\u0119p, systematyczne os\u0142abienie i wyrastanie coraz cie\u0144szych w\u0142os\u00f3w. Problem ten dotyczy m\u0119\u017cczyzn, kobiet a nawet dzieci. \u0141ysienie mo\u017ce by\u0107 trwa\u0142e lub przej\u015bciowe, kt\u00f3re po ust\u0105pieniu przyczyny wywo\u0142uj\u0105cej ust\u0119puje. Najcz\u0119stsze przyczyny \u0142ysienia to zaburzenia hormonalne, czynniki mechaniczne (naci\u0105gania w\u0142os\u00f3w uczesaniem, np. [&hellip;]<\/p>\n","protected":false},"author":1,"featured_media":0,"parent":0,"menu_order":0,"comment_status":"closed","ping_status":"closed","template":"","meta":[],"_links":{"self":[{"href":"https:\/\/trychologwalbrzych.pl\/index.php?rest_route=\/wp\/v2\/pages\/1900"}],"collection":[{"href":"https:\/\/trychologwalbrzych.pl\/index.php?rest_route=\/wp\/v2\/pages"}],"about":[{"href":"https:\/\/trychologwalbrzych.pl\/index.php?rest_route=\/wp\/v2\/types\/page"}],"author":[{"embeddable":true,"href":"https:\/\/trychologwalbrzych.pl\/index.php?rest_route=\/wp\/v2\/users\/1"}],"replies":[{"embeddable":true,"href":"https:\/\/trychologwalbrzych.pl\/index.php?rest_route=%2Fwp%2Fv2%2Fcomments&post=1900"}],"version-history":[{"count":16,"href":"https:\/\/trychologwalbrzych.pl\/index.php?rest_route=\/wp\/v2\/pages\/1900\/revisions"}],"predecessor-version":[{"id":2002,"href":"https:\/\/trychologwalbrzych.pl\/index.php?rest_route=\/wp\/v2\/pages\/1900\/revisions\/2002"}],"wp:attachment":[{"href":"https:\/\/trychologwalbrzych.pl\/index.php?rest_route=%2Fwp%2Fv2%2Fmedia&parent=1900"}],"curies":[{"name":"wp","href":"https:\/\/api.w.org\/{rel}","templated":true}]}}